 Let y be 495/20 + (-6)/8. Suppose 4*n + 25 = -3*m, 3*n = -0*n - 4*m - y. Give s(n).
-3
Let p(v) = 25*v - 117. Let d(w) = 1551*w - 7260. Let z(t) = -8*d(t) + 495*p(t). What is z(5)?
0
Let u(n) = -n - 20. Let v(r) = 131*r**3 - 1. Let m be v(1). Let t = -143 + m. Calculate u(t).
-7
Let z(n) = -7*n - 39. Let j(y) = -y**3 + 100*y**2 - 565*y - 4. Let g be j(6). Give z(g).
31
Suppose 4*d = -11 + 3. Let h(i) = 5*i - 3*i + 4*i + 60 + 60 - 119 - 2*i. Give h(d).
-7
Let f(z) be the second derivative of -z**6/360 + z**5/120 + z**4/6 - 2*z**3 + z + 7. Let b(v) be the second derivative of f(v). What is b(3)?
-2
Let a(n) = -n**2 + 19*n + 22. Let b be 24/30 + (-192)/(-10). Let r be a(b). Let q(s) = 2 + 2*s - 2*s - s. What is q(r)?
0
Let b(m) be the second derivative of 2*m**3/3 - 5*m**2 - 14*m + 1. Calculate b(3).
2
Let v be ((-3)/((-84)/(-8)))/(2/(-14)). Let x(i) = -3*i**3 - 3 + 3*i**2 - 1 + 3*i + v*i**3 + 1. What is x(3)?
6
Let l(q) = -83*q**2 - 83*q - 13. Let r(t) = -65*t**2 - 64*t - 10. Let p(m) = 7*l(m) - 9*r(m). Determine p(2).
5
Let l(w) be the first derivative of -w**4/4 - 4*w**3/3 + 47*w**2/2 + 16*w + 9233. What is l(5)?
26
Suppose 2*y - 64 = 2*s, -2*y + 4*y = -8. Let l be (-9)/((-54)/40)*s/30. Let n(z) = z**3 + 7*z**2 - 10*z. What is n(l)?
16
Let i(k) = -10*k + 7. Let p(w) = 15*w + 7. Let m(h) = 2*h + 1. Let u(s) = -6*m(s) + p(s). Let n(z) = i(z) + 3*u(z). Calculate n(-7).
17
Let x be (12/15)/(2/(-5)). Suppose 0 = 3*v - 0*v + i - 9, v + 10 = 4*i. Let t(a) = -4 + 0*a**v + 2 - 2*a**2 - a**3 - 2*a + 1. Give t(x).
3
Let x(s) be the first derivative of -5 + 3*s + 1/3*s**3 + 5/2*s**2. Calculate x(-5).
3
Let k(f) = f**3 + 4*f**2 - 2*f - 5. Let y be ((-5)/10)/(2 - (-50)/(-24)). Suppose -3*v - y*v = -45. Suppose 26 = -v*c + 2*a, 5 = -2*c - 0*c - a. What is k(c)?
3
Let d(z) = -57*z + 116*z**2 + 602*z**3 - 603*z**3 - 145*z**2 - 76. What is d(-27)?
5
Let v(u) be the first derivative of -2 + u + 1/4*u**4 - 7/3*u**3 + 3*u**2. Suppose 16 = a + 2*h, -2*a = -2*h - 25 + 23. What is v(a)?
1
Let v(u) = 26 + 8*u + 32 - 58. Let h(f) = 19*f + 1. Let g(j) = 4*h(j) - 9*v(j). Calculate g(-5).
-16
Let v(o) = -o**3 - o**2 - 3*o. Let q(b) = b**3 - 8*b**2 + 11*b + 29. Let y(d) = q(d) + 2*v(d). Calculate y(-10).
-21
Let v(g) = 10*g**3 - 2*g**2 + 2*g - 1. Let f(c) = 2*c**2 - 31*c + 156. Let p be f(15). Let w = p - 140. What is v(w)?
9
Let z(j) = j**3 - 12*j**2 + 11*j + 6. Suppose -17*f + 15*f = 4*v - 60, 4*f - 2*v = 150. Let h be (24/f)/((-2)/(-33)). Calculate z(h).
6
Let u be 108/(-12) + -1*2*-2. Let d(g) = 2*g**2 - 7*g - 86. Give d(u).
-1
Let b(y) be the third derivative of 9/8*y**4 + 0*y + 95*y**2 - 1/6*y**3 + 0. Determine b(1).
26
Let s(l) = 2*l**3 - 4*l**2 + 3*l - 1. Let d = 14 + -44. Let t = d - -32. Determine s(t).
5
Suppose -o = 11*o - 48. Suppose 4*g - 13 = -5*a - o, 0 = -g + a. Let l(z) be the first derivative of 4*z**3/3 + z**2/2 + 2. Calculate l(g).
5
Let q(l) = l**3 + 9*l**2 + 7*l - 20. Let u be (-4)/((-1)/(-16)*(35 + -33)*4). Calculate q(u).
-12
Let d(j) = -351 - 3*j**2 + 245 + 114 + 7*j. Give d(4).
-12
Let r(a) = a**2 + 10. Let v(g) = -g + 1. Let s(h) = -r(h) + 4*v(h). Suppose -15 = 5*x, -i = 5*x - 2*x - 80. Let l = i + -93. Determine s(l).
-6
Let d(u) = -u**2 + 41*u - 109. Let m(w) = 2*w**2 - 15*w + 65. Let r be m(3). Calculate d(r).
5
Let l = -5383 + 5391. Let w(g) = -g**2 + 9*g - 2. Determine w(l).
6
Suppose -120 = -q - 2*q + 3*t, 3*q + 3*t - 90 = 0. Let f(v) = -q*v**3 + 14 + 13*v**2 + 5*v + 25*v**3 + 9*v + 11*v**3. Determine f(-12).
-10
Let t(b) = -b**3 - 29*b**2 + 62*b - 42. Suppose 0 = 2483*i - 2480*i + 93. What is t(i)?
-42
Let l be (-195)/(-12) - (630/56)/(-15). Suppose -3 = z - 8. Let w(s) = 7*s + 4*s + 7 - l*s + z*s. Give w(0).
7
Let v(n) = 4*n**3 - 49*n**2 + 88*n + 17. Let p be v(10). Let s(d) = -10*d**2 - 34*d - 20. Give s(p).
-8
Let s(y) be the third derivative of 0*y**3 + 0 + 35*y**2 + y + 5/24*y**4. Give s(-8).
-40
Let z(t) be the third derivative of -t**6/120 + 7*t**5/60 - t**4/4 - 5*t**3/2 - 63*t**2 - 5. Calculate z(4).
9
Let u(y) be the second derivative of y**6/360 + y**5/60 - 11*y**3/6 - y**2/2 + y + 66. Let a(k) be the second derivative of u(k). Determine a(-2).
0
Suppose -5*k + 5*f + 105 + 475 = 0, -3*k + 360 = 3*f. Let o = k + -111. Let v(i) = -i + 10. Give v(o).
3
Let x(q) = 19*q**2 + 30*q - 62. Let l(t) = -7*t**2 - 10*t + 21. Let w(n) = -n**3 + 32*n**2 + 107*n - 81. Let b be w(35). Let h(k) = b*l(k) - 4*x(k). Give h(6).
-7
Let c(y) = y**3 + 9*y**2 + y + 16. Suppose 2*p = 3*a - 9, -2*p - 82*a = -84*a + 12. What is c(p)?
7
Let x(r) = 12*r - 16901 - r**2 + 8472 + 8447 + 4*r. Calculate x(13).
57
Let a(q) be the third derivative of 0*q - 1 + 1/4*q**4 + 1/60*q**5 - q**3 + 33*q**2. Calculate a(-6).
-6
Let r(l) = 4*l - 3 + 2 + l. Suppose z + 3*h = 49, -3*h + 12 + 101 = 2*z. Let y = 63 - z. Determine r(y).
-6
Let w(g) = g**3 - 3*g**2 - 4*g - 3. Let c(u) = u**3 - u**2 - 2*u + 20. Let i be c(0). Suppose x = -16 + i. Give w(x).
-3
Let j(v) = 58*v + v**2 - 4 + 48*v + 56*v - 150*v. Calculate j(-9).
-31
Let o(a) = -541 - 534 + 1618 - 3*a + 4*a**3 - 542. Give o(2).
27
Let p(m) = 4*m**2 - 6*m + 2. Let x(u) = 5*u**2 - 7*u + 1. Let l = 10 + -14. Let z(k) = l*p(k) + 3*x(k). Let y(j) = 9*j + 437. Let a be y(-48). Give z(a).
-15
Let j(s) = s. Suppose 0 = -20*f + 15*f. Suppose -3*p + 6 = -f*p. Let a be j(p). Let w(z) = -5*z - 2. What is w(a)?
-12
Let p(i) be the first derivative of -i**3 + i**2 + 2*i + 22. Suppose 5*s + 39 = 2*l, -5*s - 9 = 6. Suppose -7*j - 2 = l. What is p(j)?
-14
Let r(f) = f - 1. Let o = 399 + -388. Suppose -70 = -o*k + k. Give r(k).
6
Suppose -4 + 18 = -2*s + 5*w, 2*s + 2*w = 0. Let y(g) = -6*g**2 + 5*g + 5. Let r(d) = -9*d**2 + 7*d + 7. Let f(i) = -3*r(i) + 4*y(i). Give f(s).
13
Let m(h) = -h**3 + 4*h**2 + 2*h + 15. Let x be m(5). Let c = x + 4. Let i(v) = -5*v**2 - v - 8. Let g(z) = -4*z**2 - 7. Let t(w) = 4*g(w) - 3*i(w). Give t(c).
-8
Let d be 10/(-25) + (-2)/(-5). Let w(o) be the third derivative of -o**6/120 - o**5/60 + o**4/24 + 17*o**3/2 + 3002*o**2. Give w(d).
51
Let s(v) = v + 3. Suppose b - 2 = 0, 2*p + 3*b + b + 16 = 0. Let t be ((-20)/(-40))/(2/p). What is s(t)?
0
Let a(n) = n**2 - 7*n - 3. Let m(x) = -x**2 - 7*x - 3. Suppose i - 2*i - 2 = 0. Let d be m(i). Give a(d).
-3
Let u(j) = j**3 + 14*j**2 + 15*j + 31. Let o be u(-13). Let v(f) = -1093*f + 2187*f + 5 - 4 + 2 - 1095*f. Determine v(o).
-2
Let w(r) = 8*r - 4 - 2*r + r**3 - 5*r**2 + 2 + 1. Let k(n) = 4*n**2 + 110*n - 51. Let v be k(-28). What is w(v)?
29
Let r(m) = 317 - m - 382 + 36. Calculate r(-8).
-21
Let r(y) = -10*y - 98. Let i be r(-10). Suppose -6 + 8 = l. Let u(t) = -35*t - l*t**2 + 2*t**i + 30*t + 7 + t**2. Give u(5).
7
Let o(w) = w. Let h(y) = y**3 - 4*y**2 - 5*y. Let x be h(4). Let g be (18*1)/((-2)/(x/15)). Suppose 17*z - g*z - 10 = 0. Give o(z).
2
Let r be ((-1)/(9/(-12)))/((-2)/(-3)). Let v(q) = -9 - 7*q**r - 9*q - 2*q + q**3 + 3*q. Determine v(8).
-9
Suppose -22*v + 19*v + 3*h = -21, 4*v = h + 1. Let k(p) be the second derivative of -p**5/10 - p**4/12 + p**3/3 - p**2 + p. Calculate k(v).
6
Let w(v) = -8*v**2 - 21*v + 111. Let c(f) = 3*f**2 - 2*f - 1. Let u(m) = 3*c(m) + w(m). Calculate u(23).
16
Let k(q) = -1 - 30*q - 21*q**2 + q**3 + 9 + 10 + 3*q + 3*q. Determine k(22).
-26
Suppose 59*d = -20*d + 553. Let l(a) = a**2 - 10*a + 13. Give l(d).
-8
Let h be (1/1)/((-14)/(-112)). Let y(r) be the second derivative of r**5/20 - 7*r**4/12 - 3*r**3/2 + 260*r - 1. Give y(h).
-8
Let v(z) = -15*z**2 + 1. Suppose 0 = -287*o - 481 - 93. What is v(o)?
-59
Let d = 11 + -9. Suppose -3*l + 26 = d. Suppose 5*k - a = -16 + l, 0 = -3*a - 6. Let z(u) = 2*u**3 + 4*u**2 + 3*u + 1. What is z(k)?
-5
Let c be (-17)/935*5 + 69/33. Let u(h) = -3*h**2 - 7*h + 19. Calculate u(c).
-7
Let f(v) = -v**2 - 16*v + 133. Suppose -5*y = -4*s + 86, 0 = 29*y - 28*y - 5*s - 8. Calculate f(y).
1
Let a(y) be the second derivative of 12*y + 107 - 13*y - 128 + y**3. Give a(1).
6
Let p(y) = 159*y - 163. Let a(x) = -114*x + 108. Let w(b) = 7*a(b) + 5*p(b). What is w(-14)?
-17
Let d(m) = -25 - 5 - 58*m + 59*m. Give d(0).
-30
Let q = -51 + 56. Let y(w) = 2*w**2 - 6*w + 2. Let r be y(q). Suppose r = -5*f + 7. Let k(c) = -c**3 - 5*c**2 - c + 3. Determine k(f).
-12
Suppose -2*b + 4*s - 37 = -23, -21 = 3*b + s